n 16092 is divided by 130.
102
What is the remainder when 41321 is divided by 2627?
1916
Calculate the remainder when 24516340 is divided by 16792.
20
What is the remainder when 189468 is divided by 63105?
153
Calculate the remainder when 22712525 is divided by 17912.
109
Calculate the remainder when 552312 is divided by 5210.
52
Calculate the remainder when 188175 is divided by 116.
23
Calculate the remainder when 2993435 is divided by 1551.
5
Calculate the remainder when 264148 is divided by 9726.
1546
What is the remainder when 11355023 is divided by 257?
249
What is the remainder when 1713920 is divided by 257?
244
Calculate the remainder when 60530 is divided by 2743.
184
What is the remainder when 9896987 is divided by 82?
79
What is the remainder when 6817 is divided by 6361?
456
What is the remainder when 448124875 is divided by 11120?
11115
Calculate the remainder when 160790328 is divided by 957.
930
Calculate the remainder when 114982 is divided by 402.
10
What is the remainder when 724278 is divided by 177?
171
What is the remainder when 18109108 is divided by 146?
144
What is the remainder when 5947763 is divided by 2973876?
11
What is the remainder when 905615 is divided by 311?
294
Calculate the remainder when 112225 is divided by 15992.
281
Calculate the remainder when 448072638 is divided by 5113.
5109
Calculate the remainder when 265339 is divided by 725.
714
Calculate the remainder when 3943069 is divided by 38.
37
Calculate the remainder when 2588382 is divided by 369757.
83
Calculate the remainder when 1329773 is divided by 872.
845
Calculate the remainder when 62730 is divided by 6229.
440
Calculate the remainder when 68887 is divided by 261.
244
What is the remainder when 21255 is divided by 10503?
249
Calculate the remainder when 251093728 is divided by 443.
442
What is the remainder when 8101771 is divided by 736520?
51
Calculate the remainder when 4858 is divided by 731.
472
What is the remainder when 499895 is divided by 1240?
175
Calculate the remainder when 196270 is divided by 97731.
808
Calculate the remainder when 422952 is divided by 422089.
863
Calculate the remainder when 2857507 is divided by 490.
317
Calculate the remainder when 28206260 is divided by 2056.
2052
Calculate the remainder when 405769 is divided by 2401.
0
What is the remainder when 952540 is divided by 85?
30
What is the remainder when 430183 is divided by 5373?
343
Calculate the remainder when 3330084 is divided by 67960.
44
Calculate the remainder when 1650736 is divided by 1650731.
5
Calculate the remainder when 17922899 is divided by 53.
48
What is the remainder when 7954152 is divided by 260?
232
What is the remainder when 38420864 is divided by 2943?
2942
Calculate the remainder when 10257303 is divided by 10.
3
What is the remainder when 41439163 is divided by 56?
3
Calculate the remainder when 3965753 is divided by 120.
113
What is the remainder when 94289507 is divided by 71?
16
What is the remainder when 209193 is divided by 973?
971
What is the remainder when 564426 is divided by 21695?
356
What is the remainder when 524895 is divided by 2817?
933
What is the remainder when 853794 is divided by 142299?
0
What is the remainder when 53910909 is divided by 1056?
1053
Calculate the remainder when 68938 is divided by 355.
68
What is the remainder when 48823343 is divided by 22?
19
What is the remainder when 9167673 is divided by 3368?
3345
Calculate the remainder when 2389915 is divided by 1149.
1144
Calculate the remainder when 8710862 is divided by 28.
6
What is the remainder when 68290 is divided by 92?
26
Calculate the remainder when 330745679 is divided by 1032.
1031
Calculate the remainder when 667523753 is divided by 5.
3
What is the remainder when 122841 is divided by 976?
841
What is the remainder when 27568781 is divided by 498?
497
Calculate the remainder when 1725409 is divided by 9081.
19
Calculate the remainder when 421692 is divided by 10285.
7
What is the remainder when 3859524 is divided by 7?
4
What is the remainder when 36134918 is divided by 6777?
6731
What is the remainder when 60532 is divided by 30113?
306
Calculate the remainder when 2017050 is divided by 1921.
0
What is the remainder when 83094 is divided by 300?
294
What is the remainder when 657682 is divided by 73065?
97
Calculate the remainder when 212760 is divided by 1114.
1100
What is the remainder when 30969 is divided by 3366?
675
What is the remainder when 538074 is divided by 11?
9
Calculate the remainder when 1103740 is divided by 48.
28
Calculate the remainder when 37664 is divided by 9186.
920
Calculate the remainder when 59119 is divided by 2359.
144
What is the remainder when 3352138 is divided by 835?
448
Calculate the remainder when 578707 is divided by 289306.
95
Calculate the remainder when 17680 is divided by 8142.
1396
Calculate the remainder when 542768 is divided by 1645.
1563
Calculate the remainder when 131137 is divided by 2680.
2497
Calculate the remainder when 147535 is divided by 3985.
90
What is the remainder when 712187 is divided by 27388?
99
Calculate the remainder when 565894 is divided by 126.
28
Calculate the remainder when 689498 is divided by 389.
190
Calculate the remainder when 137294 is divided by 467.
463
What is the remainder when 214965 is divided by 1539?
1044
What is the remainder when 298973297 is divided by 21842?
1
What is the remainder when 1468457 is divided by 1468424?
33
What is the remainder when 6107869 is divided by 277630?
9
Calculate the remainder when 41016 is divided by 8171.
161
What is the remainder when 38066729 is divided by 6618?
6611
What is the remainder when 5356429 is divided by 888?
13
What is the remainder when 8274148 is divided by 405?
403
Calculate the remainder when 4157661 is divided by 377967.
24
Calculate the remainder when 42322338 is divided by 92.
38
What is the remainder when 3991211 is divided by 43?
37
What is the remainder when 278998 is divided by 10331?
61
What is the remainder when 900250 is divided by 1936?
10
What is the remainder when 26270 is divided by 954?
512
What is the remainder when 40105181 is divided by 129?
113
Calculate the remainder when 56306 is divided by 9380.
26
Calculate the remainder when 3058469 is divided by 522.
71
What is the remainder when 1527959 is divided by 6?
5
Calculate the remainder when 120209960 is divided by 5.
0
What is the remainder when 13379 is divided by 2229?
5
What is the remainder when 556031 is divided by 3609?
245
What is the remainder when 15072771 is divided by 41?
23
What is the remainder when 290124 is divided by 3120?
3084
What is the remainder when 125883179 is divided by 36?
35
Calculate the remainder when 4472005 is divided by 343995.
70
Calculate the remainder when 493704024 is divided by 1385.
1384
Calculate the remainder when 776921 is divided by 23534.
299
Calculate the remainder when 7826881 is divided by 48614.
27
What is the remainder when 243281 is divided by 120486?
2309
Calculate the remainder when 449657836 is divided by 1918.
1916
What is the remainder when 686276 is divided by 228182?
1730
What is the remainder when 9196594 is divided by 613102?
64
Calculate the remainder when 275542 is divided by 3190.
1202
What is the remainder when 17796024 is divided by 4511?
129
Calculate the remainder when 20075793 is divided by 711.
708
What is the remainder when 312191 is divided by 530?
21
What is the remainder when 112380 is divided by 37187?
819
Calculate the remainder when 9940625 is divided by 269.
268
Calculate the remainder when 84611 is divided by 124.
43
Calculate the remainder when 259125 is divided by 61.
58
Calculate the remainder when 449586 is divided by 2660.
46
What is the remainder when 46025 is divided by 5539?
1713
Calculate the remainder when 653696 is divided by 1472.
128
Calculate the remainder when 2667795 is divided by 205183.
416
Calculate the remainder when 1497861 is divided by 128.
5
What is the remainder when 3626254 is divided by 125034?
268
What is the remainder when 25209 is divided by 613?
76
Calculate the remainder when 143280995 is divided by 17.
14
What is the remainder when 528332 is divided by 32866?
2476
Calculate the remainder when 22593286 is divided by 209197.
10
What is t